{"id":76,"date":"2023-05-14T15:08:51","date_gmt":"2023-05-14T15:08:51","guid":{"rendered":"http:\/\/redsist.ehc-wp.uoclabs.uoc.es\/?page_id=76"},"modified":"2023-05-14T15:31:25","modified_gmt":"2023-05-14T15:31:25","slug":"orriols","status":"publish","type":"page","link":"https:\/\/redsist.org\/?page_id=76","title":{"rendered":"Els Orriols"},"content":{"rendered":"\n<p>Els Orriols es un barrio con una alta tasa de inmigraci\u00f3n, ya desde que en la d\u00e9cada de los 60 se construyera un conjunto residencial de baja calidad que acogi\u00f3 migrantes de otras regiones del estado y que, como otros barrios perif\u00e9ricos, sufri\u00f3 en los a\u00f1os 80 el estigma de haberse convertido en un gueto. Hoy es un barrio que acoge una elevada proporci\u00f3n de poblaci\u00f3n extranjera y con una alta vulnerabilidad aunque cuenta con una intensa actividad vecinal que afronta los problemas de degradaci\u00f3n de las viviendas y del espacio p\u00fablico, los desahucios, la falta de alimentos, etc.<\/p>\n","protected":false},"excerpt":{"rendered":"<p>Els Orriols es un barrio con una alta tasa de inmigraci\u00f3n, ya desde que en la d\u00e9cada de los 60<\/p>\n","protected":false},"author":1,"featured_media":0,"parent":0,"menu_order":0,"comment_status":"closed","ping_status":"closed","template":"","meta":{"_eb_attr":"","ngg_post_thumbnail":0,"footnotes":""},"class_list":["post-76","page","type-page","status-publish","hentry"],"_links":{"self":[{"href":"https:\/\/redsist.org\/index.php?rest_route=\/wp\/v2\/pages\/76","targetHints":{"allow":["GET"]}}],"collection":[{"href":"https:\/\/redsist.org\/index.php?rest_route=\/wp\/v2\/pages"}],"about":[{"href":"https:\/\/redsist.org\/index.php?rest_route=\/wp\/v2\/types\/page"}],"author":[{"embeddable":true,"href":"https:\/\/redsist.org\/index.php?rest_route=\/wp\/v2\/users\/1"}],"replies":[{"embeddable":true,"href":"https:\/\/redsist.org\/index.php?rest_route=%2Fwp%2Fv2%2Fcomments&post=76"}],"version-history":[{"count":2,"href":"https:\/\/redsist.org\/index.php?rest_route=\/wp\/v2\/pages\/76\/revisions"}],"predecessor-version":[{"id":100,"href":"https:\/\/redsist.org\/index.php?rest_route=\/wp\/v2\/pages\/76\/revisions\/100"}],"wp:attachment":[{"href":"https:\/\/redsist.org\/index.php?rest_route=%2Fwp%2Fv2%2Fmedia&parent=76"}],"curies":[{"name":"wp","href":"https:\/\/api.w.org\/{rel}","templated":true}]}}