{"id":78,"date":"2023-05-14T15:09:10","date_gmt":"2023-05-14T15:09:10","guid":{"rendered":"http:\/\/redsist.ehc-wp.uoclabs.uoc.es\/?page_id=78"},"modified":"2023-05-14T15:29:47","modified_gmt":"2023-05-14T15:29:47","slug":"poligono-sur","status":"publish","type":"page","link":"https:\/\/redsist.org\/?page_id=78","title":{"rendered":"Pol\u00edgono Sur"},"content":{"rendered":"\n<p>Pol\u00edgono Sur (conocido popularmente como las Tres Mil), as\u00ed como Tres Barrios-Amate se encuentran en la periferia de la ciudad de Sevilla, aunque pr\u00f3ximos a nuevos desarrollos urban\u00edsticos que han generado nuevas centralidades en la zona. Est\u00e1n formados por pol\u00edgonos y barriadas de promoci\u00f3n p\u00fablica con distintas problem\u00e1ticas sociales y urban\u00edsticas, como altos niveles de segregaci\u00f3n, paro, pobreza y vulnerabilidad urbana, a pesar de las medidas y planes integrales de intervenci\u00f3n llevados a cabo en las \u00faltimas d\u00e9cadas para mejorar su situaci\u00f3n de envejecimiento y marginalidad f\u00edsica, demogr\u00e1fica y social, rejuvenecidos en determinados sectores muy localizados por familias de etnia gitana y extranjeros. En el contexto del confinamiento algunas organizaciones denunciaron las graves condiciones de carencia, aislamiento y pobreza de muchos hogares, asociadas a hogares con situaciones previas de vulnerabilidad social y precariedad laboral que depend\u00edan de los trabajos informales o espor\u00e1dicos frenados durante la cuarentena y que no cuentan con redes familiares de apoyo<\/p>\n","protected":false},"excerpt":{"rendered":"<p>Pol\u00edgono Sur (conocido popularmente como las Tres Mil), as\u00ed como Tres Barrios-Amate se encuentran en la periferia de la ciudad<\/p>\n","protected":false},"author":1,"featured_media":0,"parent":0,"menu_order":0,"comment_status":"closed","ping_status":"closed","template":"","meta":{"_eb_attr":"","ngg_post_thumbnail":0,"footnotes":""},"class_list":["post-78","page","type-page","status-publish","hentry"],"_links":{"self":[{"href":"https:\/\/redsist.org\/index.php?rest_route=\/wp\/v2\/pages\/78","targetHints":{"allow":["GET"]}}],"collection":[{"href":"https:\/\/redsist.org\/index.php?rest_route=\/wp\/v2\/pages"}],"about":[{"href":"https:\/\/redsist.org\/index.php?rest_route=\/wp\/v2\/types\/page"}],"author":[{"embeddable":true,"href":"https:\/\/redsist.org\/index.php?rest_route=\/wp\/v2\/users\/1"}],"replies":[{"embeddable":true,"href":"https:\/\/redsist.org\/index.php?rest_route=%2Fwp%2Fv2%2Fcomments&post=78"}],"version-history":[{"count":2,"href":"https:\/\/redsist.org\/index.php?rest_route=\/wp\/v2\/pages\/78\/revisions"}],"predecessor-version":[{"id":97,"href":"https:\/\/redsist.org\/index.php?rest_route=\/wp\/v2\/pages\/78\/revisions\/97"}],"wp:attachment":[{"href":"https:\/\/redsist.org\/index.php?rest_route=%2Fwp%2Fv2%2Fmedia&parent=78"}],"curies":[{"name":"wp","href":"https:\/\/api.w.org\/{rel}","templated":true}]}}